{"id":414,"date":"2016-10-13T15:41:08","date_gmt":"2016-10-13T13:41:08","guid":{"rendered":"http:\/\/www.newjoergtimes.com\/?page_id=414"},"modified":"2017-09-07T11:39:49","modified_gmt":"2017-09-07T09:39:49","slug":"about","status":"publish","type":"page","link":"http:\/\/www.newjoergtimes.com\/?page_id=414","title":{"rendered":"About"},"content":{"rendered":"<p><a href=\"http:\/\/www.newjoergtimes.com\/wp-content\/uploads\/2016\/10\/blo_wp_17.jpg\"><img decoding=\"async\" loading=\"lazy\" class=\"size-full wp-image-542 alignright\" src=\"http:\/\/www.newjoergtimes.com\/wp-content\/uploads\/2016\/10\/blo_wp_17.jpg\" alt=\"blo_wp_17\" width=\"1200\" height=\"800\" srcset=\"http:\/\/www.newjoergtimes.com\/wp-content\/uploads\/2016\/10\/blo_wp_17.jpg 1200w, http:\/\/www.newjoergtimes.com\/wp-content\/uploads\/2016\/10\/blo_wp_17-300x200.jpg 300w, http:\/\/www.newjoergtimes.com\/wp-content\/uploads\/2016\/10\/blo_wp_17-1024x683.jpg 1024w\" sizes=\"(max-width: 1200px) 100vw, 1200px\" \/><\/a><\/p>\n<p>&nbsp;<\/p>\n<p>&nbsp;<\/p>\n<h5><\/h5>\n<h5><\/h5>\n<h5>Joerg Blum.<\/h5>\n<h5>Geboren in Freiburg, aufgewachsen am Kaiserstuhl.<\/h5>\n<h5><\/h5>\n<h5><\/h5>\n<h5><\/h5>\n<p>&nbsp;<\/p>\n<h5><\/h5>\n<h5>Direkt, spontan, detailverliebt und ich denke, das zeigt sich in meiner Fotografie. Einfach weil ich erst zufrieden bin, wenn meine Fotos aus Alltagssituationen es Wert sind, als &#8222;Bild&#8220; an einer Wand zu h\u00e4ngen.<\/h5>\n<h5>Ich bin <span data-dobid=\"hdw\">Au\u00b7to\u00b7di\u00b7da\u0323kt<\/span> und fotografiere seit mehr als 10 Jahren. Meine gr\u00f6\u00dfte Leidenschaft besteht darin, allt\u00e4gliche Situationen und Begebenheiten auf meine Art und Weise festzuhalten. Dabei geht es vordergr\u00fcndig darum, nicht in diese Situationen einzugreifen.<\/h5>\n<h5><\/h5>\n<p>&nbsp;<\/p>\n<h5>Man stelle sich einfach vor, es w\u00e4re wie es ist !<\/h5>\n<p>&nbsp;<\/p>\n<p><a href=\"http:\/\/www.newjoergtimes.com\/wp-content\/uploads\/2016\/10\/maennle.jpg\"><img decoding=\"async\" loading=\"lazy\" class=\"wp-image-523 alignright\" src=\"http:\/\/www.newjoergtimes.com\/wp-content\/uploads\/2016\/10\/maennle.jpg\" alt=\"maennle\" width=\"231\" height=\"200\" \/><\/a><\/p>\n","protected":false},"excerpt":{"rendered":"<p>&nbsp; &nbsp; Joerg Blum. Geboren in Freiburg, aufgewachsen am Kaiserstuhl. &nbsp; Direkt, spontan, detailverliebt und&#8230;<\/p>\n","protected":false},"author":1,"featured_media":0,"parent":0,"menu_order":0,"comment_status":"closed","ping_status":"closed","template":"","meta":[],"_links":{"self":[{"href":"http:\/\/www.newjoergtimes.com\/index.php?rest_route=\/wp\/v2\/pages\/414"}],"collection":[{"href":"http:\/\/www.newjoergtimes.com\/index.php?rest_route=\/wp\/v2\/pages"}],"about":[{"href":"http:\/\/www.newjoergtimes.com\/index.php?rest_route=\/wp\/v2\/types\/page"}],"author":[{"embeddable":true,"href":"http:\/\/www.newjoergtimes.com\/index.php?rest_route=\/wp\/v2\/users\/1"}],"replies":[{"embeddable":true,"href":"http:\/\/www.newjoergtimes.com\/index.php?rest_route=%2Fwp%2Fv2%2Fcomments&post=414"}],"version-history":[{"count":37,"href":"http:\/\/www.newjoergtimes.com\/index.php?rest_route=\/wp\/v2\/pages\/414\/revisions"}],"predecessor-version":[{"id":545,"href":"http:\/\/www.newjoergtimes.com\/index.php?rest_route=\/wp\/v2\/pages\/414\/revisions\/545"}],"wp:attachment":[{"href":"http:\/\/www.newjoergtimes.com\/index.php?rest_route=%2Fwp%2Fv2%2Fmedia&parent=414"}],"curies":[{"name":"wp","href":"https:\/\/api.w.org\/{rel}","templated":true}]}}

<p><a href="http://www.newjoergtimes.com/wp-content/uploads/2016/10/blo_wp_17.jpg"><img decoding="async" loading="lazy" class="size-full wp-image-542 alignright" src="http://www.newjoergtimes.com/wp-content/uploads/2016/10/blo_wp_17.jpg" alt="blo_wp_17" width="1200" height="800" srcset="http://www.newjoergtimes.com/wp-content/uploads/2016/10/blo_wp_17.jpg 1200w, http://www.newjoergtimes.com/wp-content/uploads/2016/10/blo_wp_17-300x200.jpg 300w, http://www.newjoergtimes.com/wp-content/uploads/2016/10/blo_wp_17-1024x683.jpg 1024w" sizes="(max-width: 1200px) 100vw, 1200px" /></a></p>
<p>&nbsp;</p>
<p>&nbsp;</p>
<h5></h5>
<h5></h5>
<h5>Joerg Blum.</h5>
<h5>Geboren in Freiburg, aufgewachsen am Kaiserstuhl.</h5>
<h5></h5>
<h5></h5>
<h5></h5>
<p>&nbsp;</p>
<h5></h5>
<h5>Direkt, spontan, detailverliebt und ich denke, das zeigt sich in meiner Fotografie. Einfach weil ich erst zufrieden bin, wenn meine Fotos aus Alltagssituationen es Wert sind, als &#8222;Bild&#8220; an einer Wand zu hängen.</h5>
<h5>Ich bin <span data-dobid="hdw">Au·to·di·dạkt</span> und fotografiere seit mehr als 10 Jahren. Meine größte Leidenschaft besteht darin, alltägliche Situationen und Begebenheiten auf meine Art und Weise festzuhalten. Dabei geht es vordergründig darum, nicht in diese Situationen einzugreifen.</h5>
<h5></h5>
<p>&nbsp;</p>
<h5>Man stelle sich einfach vor, es wäre wie es ist !</h5>
<p>&nbsp;</p>
<p><a href="http://www.newjoergtimes.com/wp-content/uploads/2016/10/maennle.jpg"><img decoding="async" loading="lazy" class="wp-image-523 alignright" src="http://www.newjoergtimes.com/wp-content/uploads/2016/10/maennle.jpg" alt="maennle" width="231" height="200" /></a></p>
